 is the remainder when z is divided by x?
5
Suppose -2*q - 148 = -3*y, -49 = -2*y - 5*q + 56. Calculate the remainder when y is divided by 7.
1
Suppose 0 = -r + 77 - 42. Let c(a) = 172*a**3 - a**2 + a. Calculate the remainder when c(1) is divided by r.
32
Let v(i) = i + 12. Let d be v(-4). Let c = d + -1. Calculate the remainder when (1 - 0)/(6*1/162) is divided by c.
6
Suppose 2*v = -2*g - 6 + 4, 3*g + 6 = 0. Let j(y) = 45*y**3 - 3*y**2 + y + 1. Let r = -20 - -32. Calculate the remainder when j(v) is divided by r.
8
Let c = -34847 - -34870. Let a be (2/(-3))/(1/(-417)). Suppose -6*p + 2*p - 5*g = -a, 0 = -2*p - 4*g + 142. What is the remainder when p is divided by c?
21
Let k(i) = -113*i + 115*i - 4 - 2 + 3. Let v be k(4). Suppose 44 = v*m - m. Calculate the remainder when 32 is divided by m.
10
Suppose -136*u = -134*u - 12. What is the remainder when 12 is divided by (u/(-7))/((-21)/196)?
4
Let v = -2659 + 2711. What is the remainder when 207 is divided by v?
51
Let j = 18 - 13. Suppose v - 6*v = j, -2*g = -5*v + 83. What is the remainder when 16 is divided by 2/(-6) + g/(-6)?
2
Suppose -10*g + 1474 = 1154. What is the remainder when 156 is divided by g?
28
Calculate the remainder when 986 is divided by 544/92 + -6 - (-489)/69.
6
Let o = 21 + -18. Calculate the remainder when 41 is divided by (1 + -2)/(o/(-66)).
19
Suppose 0 = 2*s - 2, -4*x - s - 105 = -2*x. Let a = 37 + x. Let p = 24 + a. What is the remainder when 22 is divided by p?
6
Let o(k) = -5*k**3 - k**2 - 5*k - 15. What is the remainder when 38 is divided by o(-2)?
7
Suppose -8*z - 250 = -450. What is the remainder when 244 is divided by z?
19
Suppose 4*l + 163 = -3*n, -4*n + 36 = -l - 0*n. Suppose 0 = 3*w + 2*p + 1, p = -2*w - 2. Calculate the remainder when 61 is divided by (192/l)/(w/10).
13
Calculate the remainder when 4 is divided by (-3 - -1)*(-26)/52.
0
Suppose y = 2*j - 59, 5*j - 4*j - 7 = 5*y. Calculate the remainder when j is divided by 12.
8
Let o be 206/(-6) + (8/12)/2. Let i = 38 + o. Calculate the remainder when 6 is divided by i.
2
Suppose 2*n + 3*o = 194, -2*o - 3 + 7 = 0. Calculate the remainder when n is divided by 19.
18
Let g(b) = b**2 - b. Let m(q) = 3*q**2 - 9*q - 23. Let t(u) = -g(u) + m(u). What is the remainder when t(-5) is divided by 18?
13
Suppose d + 2 = 26. Let b = d - -10. Suppose -2*g + 0*g = -24. What is the remainder when b is divided by g?
10
Suppose -5*o + 59 = 3*c, -c - 3*c + 100 = -4*o. Calculate the remainder when c is divided by 12/5*(56/8 + -9 + 7).
11
Suppose 0 = 2*t + t - 84. Suppose -5*c - t + 68 = 0. What is the remainder when c is divided by 7?
1
Let j(x) = -x**3 + 13*x**2 - 9*x + 7. Suppose -3*y = f - y - 34, -y = 2*f - 62. Calculate the remainder when j(7) is divided by f.
28
Suppose -111 + 26 = -v. Let i(f) = f**3 + 6*f**2 - 5*f - 1. Let z = -3 - 3. Calculate the remainder when v is divided by i(z).
27
Suppose 0 = -5*k - j + 12 + 8, -2*j = k - 4. Suppose -k*x - 11 + 43 = 0. Calculate the remainder when 46 is divided by 2/(-1) - (x + -22).
10
Suppose 95 = 189*t - 184*t. What is the remainder when -2 + 11*5 + 0 is divided by t?
15
Let s(t) = -4*t - 12. Let d be s(-3). Suppose d = 5*l - 3*q - 66, 0*l - 5*q = -5*l + 60. Calculate the remainder when 42 is divided by l.
12
Let s(x) = x**2 - 5*x - 33. What is the remainder when s(9) is divided by (1/2)/((-2)/(-4))?
0
Let b(d) = 6*d**2 + 69*d + 5. Calculate the remainder when 159 is divided by b(-12).
36
Let o(b) = -20*b + 158. Calculate the remainder when 224 is divided by o(4).
68
Suppose 32 = 4*t + 12. Let q(b) = 3 - 3 - t - b - 3. What is the remainder when 9 is divided by q(-13)?
4
Suppose -2*s + 206 = 5*l, 0*l = 5*s - 3*l - 515. Calculate the remainder when s is divided by 13.
12
Suppose -16*l - 325 = -21*l. What is the remainder when 117 is divided by l?
52
Suppose 4*q = 3*t - 5*t - 10, -q = -3*t - 1. Let d be (q - -1) + (-2 - 0). What is the remainder when 22 is divided by (-36)/(-4) + (-9)/d?
10
Let b(d) = -d**2 + 6*d. Let q be b(6). Suppose -r = -q*r - 5. Suppose 166 = 3*m + r*j, -2*m + 2*j = -m - 37. What is the remainder when m is divided by 12?
11
Suppose -3*c = -6, -49 = -3*q + 8*c - 7*c. What is the remainder when 140 is divided by q?
4
Let r(a) = -a**3 + 23*a**2 - 20*a - 13. What is the remainder when 464 is divided by r(22)?
30
Let c be (4/(-5))/((-10)/925). Let r = -43 + c. Calculate the remainder when r is divided by 3/((-6)/(-16) - 0).
7
Let w(h) = h**3 - 6*h**2 + 2*h - 11. Let b be w(6). Let x = -24 - b. Let v = 47 + x. What is the remainder when 63 is divided by v?
19
Suppose 325 = -2*u - 5*f, 480 = -3*u - 6*f + f. Let c = -65 - u. Calculate the remainder when c is divided by 25 + 2 + 1 + -5.
21
Calculate the remainder when 62 is divided by 2/(14/(-21)) + 16.
10
Suppose -4*m + 2*x + 6 = -3*x, 5*m - 2*x = -1. Let s(k) = -8*k + 1. Let b be s(m). Let d = b - -9. What is the remainder when 34 is divided by d?
16
Let z = 2 - -13. Let u = -3852 - -3926. What is the remainder when u is divided by z?
14
Let v be ((-9)/(-36))/(2/24). Suppose -6 = d - 5*h - 0, -v*h = -d. Suppose -42 = -a - 9. Calculate the remainder when a is divided by d.
6
Let o(l) = -l**3 - 5*l**2 - 2*l + 2. Let k(n) be the first derivative of -2*n**2 - n - 5. Let u be k(1). Calculate the remainder when 34 is divided by o(u).
10
Suppose 3*m + 4*c - 288 = 0, m - 50 = 5*c + 65. Suppose 3*g + 31 = m. Suppose 4*n = -7*n + 462. Calculate the remainder when n is divided by g.
19
Let y = 1477 - 1380. What is the remainder when y is divided by 45?
7
Let s(f) = 12*f + 2. Let n(u) = 13*u + 2. Let x(h) = 5*n(h) - 6*s(h). Suppose 0*j = j - 23. Calculate the remainder when j is divided by x(-2).
11
Let u = -57 + 306. What is the remainder when u is divided by 18?
15
Suppose y - 92 - 218 = 0. Suppose 7*c - 9*c = -y. Calculate the remainder when c is divided by 39.
38
Let t be (-6)/3*(2 - -9). Suppose 0 = -5*i - 114 - 76. Let h = t - i. Calculate the remainder when 62 is divided by h.
14
Let f(m) = -3*m**3 - 14*m**2 + 10*m + 15. Calculate the remainder when f(-7) is divided by 74.
66
Suppose j = -m + 3, -4*m - 4*j + 10 = j. Suppose -2*s = 4*x - 72, m*s - x = s + 153. What is the remainder when s is divided by 23?
15
Suppose -71*i - 1605 = -86*i. Suppose -o = 2*r - 36, r - 3*r + 3*o = -36. What is the remainder when i is divided by r?
17
Let k be 4/(-6) + 348/(-18). What is the remainder when 7 is divided by -10*(32/k)/4?
3
Let x(h) = h**3 - 5*h**2 - 2*h - 6. Let i be x(5). Let o = 21 + i. Let w(y) = y**3 + 5*y**2 - 2*y + 4. What is the remainder when w(-5) is divided by o?
4
Let s be -1 + 3*73/3. Suppose -s + 7 = -5*i. Calculate the remainder when 63 is divided by i.
11
Suppose -2*t + 4*n = 6*n - 258, n + 1 = 0. Let v = 161 + -93. Let u = v + -35. Calculate the remainder when t is divided by u.
31
Let n = 41 + -36. Suppose w - 5*w = -n*p - 31, -2*w + p = -23. Calculate the remainder when 68 is divided by w.
12
Suppose -4*i + 5*i = 0. Suppose 20 = 4*f - i*f. What is the remainder when 18 is divided by f?
3
Suppose -2*z + 82 = z + v, 0 = 5*z - 4*v - 114. What is the remainder when 45 + (4 - 3/3) is divided by z?
22
Suppose -f + 7 = 3*l + 1, -2*f + 12 = -l. Suppose -38 = -3*q + 5*u, 3*u = -4*q - u + 40. What is the remainder when q is divided by f?
5
Let m = 742 - 630. Calculate the remainder when m is divided by 9.
4
Suppose -3*t = -h - 6*t + 15, 3*h = 3*t - 15. Suppose 5*o - 711 = -4*n - 127, -5*n - 5*o + 730 = h. Calculate the remainder when n is divided by 21.
20
Let t = 38 - -60. What is the remainder when t is divided by 29?
11
Calculate the remainder when 4 + (-1028)/(-6) + (-4)/(-6) is divided by 90.
86
Let q(h) = 8 + 0*h**3 + h**3 + 2 + 10*h**2. Let w = -53 - -43. Calculate the remainder when 17 is divided by q(w).
7
Suppose 3*f - 16 = -4. Suppose 2*q = q + c + f, 3*c = 5*q - 12. Suppose -2*r = 5*s - q*s - 74, s + 2*r - 10 = 0. What is the remainder when 63 is divided by s?
15
Let w = -14 - -30. Suppose -k + 2*v = -33, 5*k + w = v + 163. What is the remainder when (-237 + 9)*((-204)/24 + 8) is divided by k?
27
Let p = -160 - -361. Calculate the remainder when p is divided by 41.
37
Suppose -4*a + 3*w = 9, -4*w - 6 + 18 = 2*a. Suppose -4*h = 2*f + 18, -f + 2*h + 11 = -a*h. Calculate the remainder when 3 is divided 